{"id":23,"date":"2020-11-02T19:36:14","date_gmt":"2020-11-02T18:36:14","guid":{"rendered":"http:\/\/moa-expertise.org\/?page_id=23"},"modified":"2021-02-03T12:39:53","modified_gmt":"2021-02-03T11:39:53","slug":"accueil","status":"publish","type":"page","link":"https:\/\/moa-expertise.org\/","title":{"rendered":"Accueil"},"content":{"rendered":"<p>Bonjour et bienvenue ,<\/p>\n<p>Nous sommes sp\u00e9cialis\u00e9s dans la n\u00e9gociation, \u00a0le dialogue et le contr\u00f4le des ph\u00e9nom\u00e8nes conduisant un projet de construction \u00e0 l&rsquo;\u00e9chec ou \u00e0 un conflit.<\/p>\n<p>Nous sommes plus commun\u00e9ment appel\u00e9 :<strong> Expert d&rsquo;Assur\u00e9.<\/strong><\/p>\n<p>Souvent les assurances dommage ouvrage nous recommandent afin de vous aider \u00e0 garantir le bon d\u00e9roulement de votre projet, de votre maison, de votre extension, de votre r\u00e9novation &#8230;<br \/><!--more-->Nous ne sommes pas maitre d&rsquo;oeuvre, nous ne rempla\u00e7ons pas la personne ayant en charge la r\u00e9alisation et\/ou l&rsquo;ex\u00e9cution \u00a0de votre projet \u00a0(architecte, conducteur de travaux, agence immobili\u00e8re, ind\u00e9pendant, marchand de biens&#8230;)<br \/>Nous nous positionnons \u00e0 c\u00f4t\u00e9 de vous, particulier, et le charg\u00e9 du projet.<br \/>Nous intervenons juste au moment ou le doute s&rsquo;installe cela pour vous rassurer et vous apporter r\u00e9ponse sur un \u00e9l\u00e9ment constituant \u00e0 l&rsquo;instant T votre interrogation &#8230;<\/p>\n<p>Nous avons plusieurs degr\u00e9 de mission par exemple :<\/p>\n<ul>\n<li>V\u00e9rification des mat\u00e9riaux choisis par le maitre d&rsquo;oeuvre,<\/li>\n<li>V\u00e9rification, contr\u00f4le \u00a0et accompagnement sur la mise en oeuvre des mat\u00e9riaux,<\/li>\n<li>Contr\u00f4le de la bonne r\u00e9alisation conform\u00e9ment aux documents techniques \u00e9mis par le fabriquant, ( ATec)<\/li>\n<li>Respect des r\u00e8gles de l&rsquo;art (DTU),<\/li>\n<li>&#8230;.<\/li>\n<\/ul>\n\n\n<p><\/p>\n","protected":false},"excerpt":{"rendered":"<p>Bonjour et bienvenue , Nous sommes sp\u00e9cialis\u00e9s dans la n\u00e9gociation, \u00a0le dialogue et le contr\u00f4le des ph\u00e9nom\u00e8nes conduisant un projet de construction \u00e0 l&rsquo;\u00e9chec ou \u00e0 un conflit. Nous sommes plus commun\u00e9ment appel\u00e9 : Expert d&rsquo;Assur\u00e9. Souvent les assurances dommage ouvrage nous recommandent afin de vous aider \u00e0 garantir le bon d\u00e9roulement de votre projet, &hellip; <\/p>\n","protected":false},"author":1,"featured_media":0,"parent":0,"menu_order":0,"comment_status":"closed","ping_status":"closed","template":"","meta":[],"_links":{"self":[{"href":"https:\/\/moa-expertise.org\/index.php\/wp-json\/wp\/v2\/pages\/23"}],"collection":[{"href":"https:\/\/moa-expertise.org\/index.php\/wp-json\/wp\/v2\/pages"}],"about":[{"href":"https:\/\/moa-expertise.org\/index.php\/wp-json\/wp\/v2\/types\/page"}],"author":[{"embeddable":true,"href":"https:\/\/moa-expertise.org\/index.php\/wp-json\/wp\/v2\/users\/1"}],"replies":[{"embeddable":true,"href":"https:\/\/moa-expertise.org\/index.php\/wp-json\/wp\/v2\/comments?post=23"}],"version-history":[{"count":10,"href":"https:\/\/moa-expertise.org\/index.php\/wp-json\/wp\/v2\/pages\/23\/revisions"}],"predecessor-version":[{"id":113,"href":"https:\/\/moa-expertise.org\/index.php\/wp-json\/wp\/v2\/pages\/23\/revisions\/113"}],"wp:attachment":[{"href":"https:\/\/moa-expertise.org\/index.php\/wp-json\/wp\/v2\/media?parent=23"}],"curies":[{"name":"wp","href":"https:\/\/api.w.org\/{rel}","templated":true}]}}